5*y - 2. Let k be f(1). What is the greatest common factor of k and 34?
34
Suppose -w + 41 = 5. Calculate the highest common factor of w and 12.
12
Let v be (-1 + 27)/(6/30). Calculate the highest common factor of 10 and v.
10
Suppose 0 = l - 2*l + 4. Suppose 0*t - 12 = 6*t. Let k = l + t. What is the greatest common divisor of 18 and k?
2
Suppose -6*g + 4*o = -3*g - 20, 0 = 5*o + 10. What is the highest common factor of 36 and g?
4
Let z be 1/(2*(-2)/(-8)). Suppose -z*f = -5 + 1. Suppose -f*m + 83 = 5*y - 6*m, y = 3*m + 10. What is the greatest common divisor of 95 and y?
19
Suppose o = -4*p + 61, -1 = o - 2. Let y(z) = p - z - 2 + 9 - z. Let g be y(10). What is the greatest common divisor of 6 and g?
2
Let z be (-3 - -5) + -12 + 155. Calculate the highest common factor of z and 5.
5
Let i(q) = -9*q**2 + 2*q + 3. Let r be i(-3). Let n = -138 - r. Let g = n - -78. Calculate the highest common divisor of g and 16.
8
Let o(y) = -y**2 + 13. Suppose 5*m = 4*h + 10, 4*m + 2 = 2*h + 10. Let a be o(h). What is the highest common factor of 13 and a?
13
Suppose u = -0*u + 4*b + 23, 0 = -2*b - 8. Let n = u - -59. Calculate the greatest common factor of n and 11.
11
Let t = 19 - -1. Suppose v - t = -v. What is the greatest common divisor of v and 30?
10
Let r be (-45)/6*(-2)/3. Let v be 690/15 + 9/(-6)*4. What is the highest common factor of v and r?
5
Let r = 1465 + -1435. Calculate the greatest common divisor of r and 1080.
30
Let t = 78 - -6. Let p(y) = -2*y - 70. Let z be p(0). Let m be -5*7/(z/24). What is the greatest common factor of m and t?
12
Suppose 19*j = 21*j - 22. Let u = j + 7. Suppose 18 = -3*v + 4*v. Calculate the greatest common factor of v and u.
18
Let x be -2*((-10)/(-4) + -3). Suppose -a = x - 5. Suppose 202*b - 205*b = -30. What is the highest common factor of b and a?
2
Let k = -12 - -16. Suppose k*y - 19 = -3. Let v be y/6*(27 + -6). What is the greatest common divisor of 35 and v?
7
Let u be 4*7/(28/45). Suppose -2*x = -2*v - 34, -4*v + 9*v + u = -5*x. Let h = v - -16. Calculate the greatest common divisor of h and 27.
3
Suppose -9*i + 15*i = 18. Suppose -81 = -m - 2*o - i*o, -20 = -4*o. What is the greatest common factor of 7 and m?
7
Suppose -135 = -4*m - m. Let d(r) = 18*r**3 - 2*r**2 + 2*r. Let w be d(1). Calculate the greatest common divisor of m and w.
9
Suppose -3*w + 1482 = 5*s - 6*w, -2*w = -2*s + 592. Let n be (3 - -24)*(0 - -1). What is the greatest common divisor of n and s?
27
Let f = -2193 - -2611. Calculate the highest common factor of f and 152.
38
Let r = -70 - -76. Let n be 18/5 - 3/5. What is the highest common factor of n and r?
3
Suppose -5*z + n + 123 = -n, -z - n + 19 = 0. Suppose -41*k - 1077 = -2020. Calculate the highest common divisor of k and z.
23
Let y be 4/6 - 722/(-6). Let q(c) = -3*c**3 + 11*c**2 + 15*c - 33. Let t be q(4). Calculate the highest common factor of t and y.
11
Let x(h) = 5*h**2 - 10*h + 3. Let q be x(4). Let m be (2/4)/(4/3096). Calculate the highest common divisor of q and m.
43
Suppose -2*o + 2*z = -8, 2*o - 2*z - z = 9. Suppose 0*y = o*y - 399. Let i = -1 + 20. What is the greatest common divisor of y and i?
19
Let p be (-52509)/(-23) + 18/2. What is the highest common divisor of p and 12?
12
Suppose -i + 3*z + 38 = 0, 4*i - 5*z + 150 = 9*i. What is the highest common factor of 64 and i?
32
Let b be 5*-6*(-6)/(-135)*-90. Let h(s) = 2*s**2 - 3. Let a be h(-3). What is the greatest common divisor of b and a?
15
Suppose 1160 = 7*i - 1458. What is the greatest common factor of i and 22?
22
Suppose 2*n - 2*f + 198 = 0, 6*n - 4*n - 3*f = -199. Let w = n + 109. What is the greatest common divisor of w and 77?
11
Let k(o) = -18*o + 19. Let s be k(-8). Suppose -424 + s = 2*b + p, -3*b - 395 = -2*p. Let d = -75 - b. What is the greatest common divisor of d and 7?
7
Suppose -4*k + n + 735 = 0, 557 = 3*k - 2*n + 7*n. Suppose 10 = -5*w + 50. Calculate the greatest common factor of k and w.
8
Let p(i) = i**2 + 7*i + 6. Let w be p(-4). Let k = -1 - w. Let a(f) = f + 4. Let z be a(-3). Calculate the highest common factor of k and z.
1
Suppose -3*o + 2*o - 2*b + 30 = 0, 82 = 3*o - 2*b. Suppose -15 - o = -2*d + 3*j, 0 = -3*d - 5*j + 55. What is the highest common divisor of 10 and d?
10
Let x be (44/(-16))/(2/(-88)). Let g be 1 - (-10)/(-4)*-4. Calculate the greatest common factor of x and g.
11
Let c = -1983 + 2053. Calculate the greatest common factor of 112 and c.
14
Suppose 5*c - 2*g - 125 = 95, 3*c + 3*g = 153. Let i be (c/3)/(2/3). Let s be (1 + 252)/((-1)/(-1)). What is the greatest common factor of s and i?
23
Let k(r) = -r - 1. Let y be k(0). Let g be y/(-2)*-2 + 13. Let z be -17 + 25 + 0/(-1). What is the greatest common divisor of z and g?
4
Let j(o) = o**2 - 4*o + 3. Let s be j(4). Suppose -s*h = -97 - 83. Calculate the highest common divisor of h and 20.
20
Suppose -2*v = -6 - 0. Let a = v - -17. Let n = 379 - 374. Calculate the greatest common divisor of n and a.
5
Suppose 7*w - 3*w = 3*g + 29, 7 = -4*g - w. Let m be (-1 + (-3)/(-9))/(g/45). Calculate the greatest common divisor of 110 and m.
10
Suppose 4 + 1 = 5*x. Let j(v) = -6*v**3 + 2*v**2 - v. Let p be j(x). Let c be 16/40 - 8/p. Calculate the highest common factor of c and 14.
2
Let k be (40/(-16))/(3/(-72)). Calculate the greatest common divisor of 30 and k.
30
Let z be (-2)/8 - (2 - 2219/28). Let g be (-19)/(-2 + (-5)/(-2)). Let m = -27 - g. Calculate the highest common divisor of z and m.
11
Let n(v) = -3*v**3 + 5*v**2 - 3*v - 15. Let r be n(-3). What is the greatest common divisor of r and 570?
30
Let s be -7*(-14)/49*(-47)/(-2). What is the highest common divisor of s and 329?
47
Let a = -96 - -124. Let f be (-2 - 0)/(5/5). Let o be (4/5 - f)*5. What is the greatest common divisor of o and a?
14
Suppose g - 56 = -0. Calculate the greatest common divisor of 84 and g.
28
Suppose 0 = -w + 2*h + 313, -w - 3*w = -3*h - 1267. Let x be (87/(-6))/((-7)/14). What is the greatest common divisor of x and w?
29
Let z be 6/(-27) - 436/(-18). Let h be 3/(18/z) + 4. Let x(o) = 5*o**2 + o. Let c be x(-1). What is the highest common divisor of h and c?
4
Let y be (294/(-8))/((-5)/20). Let s be 5/45 + 3770/90. Calculate the greatest common factor of s and y.
21
Let d(u) = -u**2 + 10*u + 2. Let v be d(10). Let p be (v/3)/(13/78). What is the greatest common divisor of 32 and p?
4
Suppose 0 = 100*n - 691 - 209. Suppose 4*s = -2*i + 110, 2*s - 5*i - 53 = -4*i. What is the highest common divisor of s and n?
9
Let s(r) = -r**2 + 10. Let z be s(0). Let u be (-112)/(-21) - 1/3. Suppose -u*n + 65 = -z. Calculate the greatest common factor of n and 165.
15
Suppose -3*t + 5*m = -0*m - 73, 4*t = m + 120. Let g = 41 - t. Calculate the highest common divisor of g and 10.
10
Let q(u) = -3*u**2 + 13*u + 2. Let j be q(2). Calculate the greatest common factor of 1320 and j.
8
Let w = 977 + -753. Calculate the highest common factor of 56 and w.
56
Let w = 1114 - -1827. Calculate the highest common factor of 17 and w.
17
Suppose -36*x + 39*x - 3*u = 36, 4*u - 78 = -5*x. What is the highest common divisor of x and 2366?
14
Suppose 0 = 13*x - 4*x - 315. Suppose x*v = 37*v - 24. Calculate the highest common divisor of v and 4.
4
Suppose 11*g = -0*g + 55. Suppose 243 = g*s + 93. What is the greatest common factor of 50 and s?
10
Let o(l) = -2*l**2 + 10*l - 7. Let u be o(4). Suppose -14 + 2 = -3*w. Suppose 0 = -3*y + w - 1. What is the greatest common factor of u and y?
1
Suppose 0 = -2*t, -2*x + 16 = t + 4*t. Suppose -5*g + 20 = -0*g. Let h(a) = 3*a**2 + a + 4. Let r be h(g). Calculate the greatest common factor of r and x.
8
Let a(v) = 4*v**2 + 8*v - 2. Let z be a(-3). Calculate the greatest common divisor of 1280 and z.
10
Let v be 123/12 - 1/4. Let m = -4291 - -4306. What is the highest common factor of v and m?
5
Suppose -4*k = t - 1, t + t + k = 16. Let f = -8 + t. Let j(g) = 20*g + 1. Let a be j(f). Calculate the highest common factor of a and 105.
21
Suppose -8*s + 170 + 118 = 0. Let u(a) = -a + 1. Let x be u(-3). Calculate the highest common divisor of x and s.
4
Suppose -16 = -4*w - 3*z + 159, 0 = 3*z - 3. Let m = w + -22. What is the greatest common divisor of 14 and m?
7
Suppose -5*o - 180 = -3*q, -o + q = 2*q + 36. Let z be (40/(-6))/(24/o). What